{"id":3568,"date":"2022-08-02T17:55:13","date_gmt":"2022-08-02T17:55:13","guid":{"rendered":"https:\/\/olsun.pl\/?page_id=3568"},"modified":"2023-01-12T08:01:17","modified_gmt":"2023-01-12T08:01:17","slug":"projekty-ue","status":"publish","type":"page","link":"https:\/\/olsun.pl\/index.php\/projekty-ue\/","title":{"rendered":"Projekty UE"},"content":{"rendered":"<div class=\"wpb-content-wrapper\"><p>[vc_section full_width=&#8221;stretch_row&#8221; pix_over_visibility=&#8221;&#8221; bottom_divider_select=&#8221;8&#8243; b_has_animation=&#8221;true&#8221; b_2_color=&#8221;rgba(255,255,255,0.01)&#8221; b_3_is_gradient=&#8221;true&#8221; b_3_color=&#8221;rgba(0,0,0,0.08)&#8221; b_3_color_2=&#8221;rgba(255,255,255,0.01)&#8221; b_3_animation=&#8221;fade-in-up&#8221; top_divider_select=&#8221;8&#8243; t_has_animation=&#8221;true&#8221; t_1_color=&#8221;rgba(152,214,98,0.01)&#8221; t_2_color=&#8221;&#8221; t_3_color=&#8221;rgba(255,255,255,0.1)&#8221; t_3_animation=&#8221;fade-in-down&#8221; t_flip_h=&#8221;true&#8221; pix_overlay_color=&#8221;gray-1&#8243; responsive_css=&#8221;{&#8222;pix_res_sm_pt&#8222;:&#8222;20&#8222;,&#8222;pix_res_sm_pb&#8222;:&#8222;20&#8222;,&#8222;pix_res_md_pt&#8222;:&#8222;40&#8222;,&#8222;pix_res_md_pb&#8222;:&#8222;40&#8222;}&#8221; css=&#8221;.vc_custom_1613618080432{padding-top: 40px !important;padding-bottom: 40px !important;}&#8221; t_custom_height=&#8221;200px&#8221; b_custom_height=&#8221;300px&#8221; pix_overlay_opacity=&#8221;1&#8243; b_3_delay=&#8221;300&#8243; t_3_delay=&#8221;150&#8243;][vc_row pix_particles_check=&#8221;&#8221;][vc_column][vc_single_image image=&#8221;3574&#8243; img_size=&#8221;full&#8221; alignment=&#8221;center&#8221;][\/vc_column][\/vc_row][vc_row full_width=&#8221;stretch_row&#8221; content_placement=&#8221;middle&#8221; pix_particles_check=&#8221;&#8221; responsive_css=&#8221;{&#8222;pix_res_sm_pt&#8222;:&#8222;40&#8222;,&#8222;pix_res_sm_pb&#8222;:&#8222;40&#8222;,&#8222;pix_res_md_pt&#8222;:&#8222;40&#8222;,&#8222;pix_res_md_pb&#8222;:&#8222;40&#8222;}&#8221; css=&#8221;.vc_custom_1613618221329{padding-bottom: 40px !important;}&#8221;][vc_column css=&#8221;.vc_custom_1613618065669{padding-top: 40px !important;padding-bottom: 40px !important;}&#8221;]<div id=\"el1659463786923-9a9537b0-5448\" class=\"pix-highlighted-element text-left  vc_custom_1659463794735\"><div class=\"d-inline-block\" style=\"max-width:500px;\"><h2 class=\"pix-highlighted-items \" style=\"\" data-anim-type=\"\" data-anim-delay=\"0\"><span id=\"el1659463786923-9a9537b0-5448-0\" class=\"pix-highlight-bg align-middle2  el1659463786923-9a9537b0-5448-0 animate-in\" data-anim-type=\"highlight-grow\" data-anim-delay=\"200\"><span class=\"pix-highlighted-text  pix-highlight-item font-weight-normal  font-weight-bold heading-font text-heading-default\">Projekty<\/span><\/span><span class=\"\"><span class=\"pix-highlighted-text pix-highlight-item font-weight-normal  heading-font text-heading-default\"> UE<\/span><\/span><\/h2><\/div><\/div><div class=\"pix-el-text w-100   vc_custom_1659462896861\" ><p class=\"text-20  text-dark-opacity-5  \" >Realizowane projekty dofinansowane z Funduszy Europejskich.<\/p><\/div>[\/vc_column][\/vc_row][\/vc_section][vc_section full_width=&#8221;stretch_row&#8221; content_placement=&#8221;middle&#8221; pix_over_visibility=&#8221;&#8221; top_divider_select=&#8221;8&#8243; top_layers=&#8221;1&#8243; responsive_css=&#8221;{&#8222;pix_res_sm_pt&#8222;:&#8222;20&#8222;,&#8222;pix_res_sm_pb&#8222;:&#8222;20&#8222;,&#8222;pix_res_md_pt&#8222;:&#8222;40&#8222;,&#8222;pix_res_md_pb&#8222;:&#8222;40&#8222;}&#8221; css=&#8221;.vc_custom_1613618311864{padding-top: 0px !important;padding-bottom: 80px !important;background-color: #ffffff !important;border-radius: 20px !important;}&#8221; el_id=&#8221;pix_section_about&#8221; section_name=&#8221;About&#8221;][vc_row content_placement=&#8221;middle&#8221; pix_particles_check=&#8221;&#8221;][vc_column]<div  class=\"pix-heading-el text-left  vc_custom_1659461695741\"><div><div class=\"slide-in-container\"><h3 class=\"text-heading-default font-weight-bold heading-text el-title_custom_color mb-12\" style=\"\" data-anim-type=\"\" data-anim-delay=\"0\">Projekty w realizacji<\/h3><\/div><\/div><\/div><div id=\"el1662712463111-45a0b177-bcb5\" class=\"pix-el-text   w-100  \" ><p class=\"\"><p><b>OLSUN\u00a0<\/b>Sp. z o.o. realizuje projekt dofinansowany z Funduszy Europejskich<\/p>\n<p>Projekt budowy farmy fotowoltaicznej \u0141OWISKO realizowany w ramach Regionalnego Programu Operacyjnego Wojew\u00f3dztwa Podkarpackiego na lata 2014 \u00f7 2020 \u2013 obszar czystej energii, Dzia\u0142anie 3.1 Rozw\u00f3j Odnawialnych \u0179r\u00f3de\u0142 Energii.<\/p>\n<p>Tytu\u0142 Projektu: \u201eBudowa farmy fotowoltaicznej o mocy 0,3 MW w gminie Kamie\u0144\u201d<\/p>\n<p>Opis projektu: Celem projektu jest budowa farmy fotowoltaicznej o mocy 0,3 MW w gminie Kamie\u0144.<\/p>\n<p><strong>Zapytanie ofertowe<\/strong> (data publikacji 07.09.2022 r.)<\/p>\n<ol>\n<li>Zapytanie ofertowe (<a href=\"https:\/\/s1.cloudbay.pl\/index.php\/s\/3bpd6QrWHj7fP2z\">pobierz<\/a>)<\/li>\n<li>Za\u0142\u0105cznik nr 1 &#8211; Formularz oferty (<a href=\"https:\/\/s1.cloudbay.pl\/index.php\/s\/pSFDsK8TCcEdycJ\">pobierz<\/a>)<\/li>\n<li>Za\u0142\u0105cznik nr 2 do nr 6 &#8211; O\u015bwiadczenia (<a href=\"https:\/\/s1.cloudbay.pl\/index.php\/s\/kpgwcdyqTiCatnB\">pobierz<\/a>)<\/li>\n<li>Za\u0142\u0105cznik nr 8 &#8211; Minimalne wymagania techniczne (<a href=\"https:\/\/s1.cloudbay.pl\/index.php\/s\/inDtnxNNqW4GGiF\">pobierz<\/a>)<\/li>\n<li>Za\u0142\u0105cznik nr 9 &#8211; Projekt umowy (<a href=\"https:\/\/s1.cloudbay.pl\/index.php\/s\/9882rziYWXy6Bie\">pobierz<\/a>)<\/li>\n<li>Za\u0142\u0105cznik nr 13 &#8211; Porozumienie (<a href=\"https:\/\/s1.cloudbay.pl\/index.php\/s\/EXWZTQTexiKMcpF\">pobierz<\/a>)<\/li>\n<li>Za\u0142\u0105cznik nr 14 &#8211; Harmonogram realizacji przedmiotu zam\u00f3wienia (<a href=\"https:\/\/s1.cloudbay.pl\/index.php\/s\/Zeaz3FdMKxq9JH8\">pobierz<\/a>)<\/li>\n<li>Za\u0142\u0105cznik nr 15 &#8211; Wz\u00f3r weksla wraz z deklaracj\u0105 wekslow\u0105 (<a href=\"https:\/\/s1.cloudbay.pl\/index.php\/s\/k58E2d9agfboDwc\">pobierz<\/a>)<\/li>\n<li>Za\u0142\u0105cznik nr 16 &#8211; O\u015bwiadczenie ZUS, KRUS, US (<a href=\"https:\/\/s1.cloudbay.pl\/index.php\/s\/eyAxZ9DMT8xsekK\">pobierz<\/a>)<\/li>\n<\/ol>\n<section class=\"details-preview__part details-preview__part--main\">\n<div class=\"field-with-label \"><\/div>\n<\/section>\n<aside class=\"details-preview__part details-preview__part--aside\"><\/aside>\n<p><strong>Aktualizacja zapytania ofertowego<\/strong> (data publikacji 08.09.2022 r.)<\/p>\n<ol>\n<li>Zapytanie ofertowe (<a href=\"https:\/\/s1.cloudbay.pl\/index.php\/s\/KrEnLE83J7XN6Ey\">pobierz<\/a>)<\/li>\n<li>Za\u0142\u0105cznik nr 9 &#8211; Projekt umowy (<a href=\"https:\/\/s1.cloudbay.pl\/index.php\/s\/52eP9w5jZdFPYX4\">pobierz<\/a>)<\/li>\n<\/ol>\n<p><strong>Aktualizacja zapytania ofertowego<\/strong> (data publikacji 21.09.2022 r.)<\/p>\n<ol>\n<li>Za\u0142\u0105cznik nr 1 &#8211; Formularz oferty (<a href=\"https:\/\/s1.cloudbay.pl\/index.php\/s\/LmsH3aGEPn6zms3\">pobierz<\/a>)<\/li>\n<\/ol>\n<p>Og\u0142oszenie opublikowane na portalu <a href=\"https:\/\/bazakonkurencyjnosci.funduszeeuropejskie.gov.pl\/ogloszenia\/125275\">Baza Konkurencyjno\u015bci<\/a><\/p>\n<p><strong>Wyb\u00f3r wykonawcy<\/strong> (data publikacji 18.10.2022 r.)<br \/>\nW dniu 17.10.2022 r. wybrana zosta\u0142a oferta firmy Great Solar Sp. z o.o.. Wykonawca nie podlega wykluczeniu i w wyniku badania i oceny oferta uzyska\u0142a najwi\u0119ksz\u0105 liczb\u0119 punk\u00f3w.<\/p>\n<\/p><\/div>[\/vc_column][\/vc_row][\/vc_section]<\/p>\n<\/div>","protected":false},"excerpt":{"rendered":"[vc_section full_width=&#8221;stretch_row&#8221; pix_over_visibility=&#8221;&#8221; bottom_divider_select=&#8221;8&#8243; b_has_animation=&#8221;true&#8221; b_2_color=&#8221;rgba(255,255,255,0.01)&#8221; b_3_is_gradient=&#8221;true&#8221; b_3_color=&#8221;rgba(0,0,0,0.08)&#8221; b_3_color_2=&#8221;rgba(255,255,255,0.01)&#8221; b_3_animation=&#8221;fade-in-up&#8221; top_divider_select=&#8221;8&#8243; t_has_animation=&#8221;true&#8221; t_1_color=&#8221;rgba(152,214,98,0.01)&#8221; t_2_color=&#8221;&#8221; t_3_color=&#8221;rgba(255,255,255,0.1)&#8221; t_3_animation=&#8221;fade-in-down&#8221; t_flip_h=&#8221;true&#8221; pix_overlay_color=&#8221;gray-1&#8243; responsive_css=&#8221;{&#8222;pix_res_sm_pt&#8222;:&#8222;20&#8222;,&#8222;pix_res_sm_pb&#8222;:&#8222;20&#8222;,&#8222;pix_res_md_pt&#8222;:&#8222;40&#8222;,&#8222;pix_res_md_pb&#8222;:&#8222;40&#8222;}&#8221; css=&#8221;.vc_custom_1613618080432{padding-top: 40px !important;padding-bottom: 40px !important;}&#8221; t_custom_height=&#8221;200px&#8221; b_custom_height=&#8221;300px&#8221; pix_overlay_opacity=&#8221;1&#8243; b_3_delay=&#8221;300&#8243; t_3_delay=&#8221;150&#8243;][vc_row pix_particles_check=&#8221;&#8221;][vc_column][vc_single_image image=&#8221;3574&#8243; img_size=&#8221;full&#8221; alignment=&#8221;center&#8221;][\/vc_column][\/vc_row][vc_row full_width=&#8221;stretch_row&#8221; content_placement=&#8221;middle&#8221; pix_particles_check=&#8221;&#8221; responsive_css=&#8221;{&#8222;pix_res_sm_pt&#8222;:&#8222;40&#8222;,&#8222;pix_res_sm_pb&#8222;:&#8222;40&#8222;,&#8222;pix_res_md_pt&#8222;:&#8222;40&#8222;,&#8222;pix_res_md_pb&#8222;:&#8222;40&#8222;}&#8221; css=&#8221;.vc_custom_1613618221329{padding-bottom: 40px !important;}&#8221;][vc_column&#8230;","protected":false},"author":1,"featured_media":0,"parent":0,"menu_order":0,"comment_status":"closed","ping_status":"closed","template":"","meta":{"footnotes":""},"class_list":["post-3568","page","type-page","status-publish","hentry"],"_links":{"self":[{"href":"https:\/\/olsun.pl\/index.php\/wp-json\/wp\/v2\/pages\/3568","targetHints":{"allow":["GET"]}}],"collection":[{"href":"https:\/\/olsun.pl\/index.php\/wp-json\/wp\/v2\/pages"}],"about":[{"href":"https:\/\/olsun.pl\/index.php\/wp-json\/wp\/v2\/types\/page"}],"author":[{"embeddable":true,"href":"https:\/\/olsun.pl\/index.php\/wp-json\/wp\/v2\/users\/1"}],"replies":[{"embeddable":true,"href":"https:\/\/olsun.pl\/index.php\/wp-json\/wp\/v2\/comments?post=3568"}],"version-history":[{"count":15,"href":"https:\/\/olsun.pl\/index.php\/wp-json\/wp\/v2\/pages\/3568\/revisions"}],"predecessor-version":[{"id":3589,"href":"https:\/\/olsun.pl\/index.php\/wp-json\/wp\/v2\/pages\/3568\/revisions\/3589"}],"wp:attachment":[{"href":"https:\/\/olsun.pl\/index.php\/wp-json\/wp\/v2\/media?parent=3568"}],"curies":[{"name":"wp","href":"https:\/\/api.w.org\/{rel}","templated":true}]}}